{"id":147,"date":"2024-04-23T15:36:45","date_gmt":"2024-04-23T13:36:45","guid":{"rendered":"https:\/\/droit-facile.fr\/?page_id=147"},"modified":"2024-04-23T16:30:02","modified_gmt":"2024-04-23T14:30:02","slug":"generateur-de-fiche-darret","status":"publish","type":"page","link":"https:\/\/droit-facile.fr\/index.php\/generateur-de-fiche-darret\/","title":{"rendered":"G\u00e9n\u00e9rateur de fiches d&#8217;arr\u00eat 100% gratuit"},"content":{"rendered":"<div class='mwai-chatbot-container' data-params='{&quot;aiName&quot;:&quot;G\\u00e9n\\u00e9rateur de Fiches d&#039;Arr\\u00eat :&quot;,&quot;userName&quot;:&quot;User:&quot;,&quot;guestName&quot;:&quot;Guest:&quot;,&quot;textSend&quot;:&quot;Go !&quot;,&quot;textClear&quot;:&quot;Clear&quot;,&quot;imageUpload&quot;:false,&quot;fileUpload&quot;:false,&quot;multiUpload&quot;:false,&quot;maxUploads&quot;:1,&quot;fileUploads&quot;:0,&quot;mode&quot;:&quot;chat&quot;,&quot;textInputPlaceholder&quot;:&quot;Collez ici le texte de l&#039;arr\\u00eat.&quot;,&quot;textInputMaxLength&quot;:32768,&quot;textCompliance&quot;:&quot;&quot;,&quot;startSentence&quot;:&quot;Veuillez copier-coller le texte de l&#039;arr\\u00eat \\u00e0 ficher \\ud83d\\udc47&quot;,&quot;localMemory&quot;:false,&quot;themeId&quot;:&quot;messages&quot;,&quot;window&quot;:false,&quot;icon&quot;:&quot;&quot;,&quot;iconText&quot;:&quot;&quot;,&quot;iconTextDelay&quot;:1,&quot;iconAlt&quot;:&quot;AI Chatbot Avatar&quot;,&quot;iconPosition&quot;:&quot;bottom-right&quot;,&quot;centerOpen&quot;:false,&quot;width&quot;:&quot;&quot;,&quot;openDelay&quot;:&quot;&quot;,&quot;iconBubble&quot;:false,&quot;windowAnimation&quot;:&quot;zoom&quot;,&quot;fullscreen&quot;:false,&quot;copyButton&quot;:false,&quot;headerSubtitle&quot;:&quot;Discuss with&quot;,&quot;containerType&quot;:&quot;standard&quot;,&quot;headerType&quot;:&quot;standard&quot;,&quot;messagesType&quot;:&quot;standard&quot;,&quot;inputType&quot;:&quot;standard&quot;,&quot;footerType&quot;:&quot;standard&quot;}' data-system='{&quot;botId&quot;:&quot;default&quot;,&quot;customId&quot;:null,&quot;userData&quot;:null,&quot;sessionId&quot;:&quot;69fb9e8761029&quot;,&quot;restNonce&quot;:null,&quot;contextId&quot;:147,&quot;pluginUrl&quot;:&quot;https:\\\/\\\/droit-facile.fr\\\/wp-content\\\/plugins\\\/ai-engine\\\/&quot;,&quot;restUrl&quot;:&quot;https:\\\/\\\/droit-facile.fr\\\/index.php\\\/wp-json&quot;,&quot;stream&quot;:false,&quot;debugMode&quot;:false,&quot;eventLogs&quot;:false,&quot;speech_recognition&quot;:false,&quot;speech_synthesis&quot;:false,&quot;typewriter&quot;:false,&quot;crossSite&quot;:false,&quot;actions&quot;:[],&quot;blocks&quot;:[],&quot;shortcuts&quot;:[]}' data-theme='{&quot;type&quot;:&quot;internal&quot;,&quot;name&quot;:&quot;Messages&quot;,&quot;themeId&quot;:&quot;messages&quot;,&quot;settings&quot;:{&quot;spacing&quot;:&quot;40px&quot;,&quot;borderRadius&quot;:&quot;20px&quot;,&quot;fontSize&quot;:&quot;12px&quot;},&quot;style&quot;:&quot;&quot;,&quot;cssUrl&quot;:&quot;https:\\\/\\\/droit-facile.fr\\\/wp-content\\\/plugins\\\/ai-engine\\\/themes\\\/messages.css&quot;}'><\/div>\n\n\n\n<div class=\"wp-block-buttons is-layout-flex wp-container-core-buttons-is-layout-168ce233 wp-block-buttons-is-layout-flex\">\n<div class=\"wp-block-button has-custom-width wp-block-button__width-50 has-custom-font-size has-small-font-size\"><a class=\"wp-block-button__link has-text-align-center wp-element-button\" href=\"https:\/\/droit-facile.fr\/index.php\/generateur-de-fiche-darret\/\" style=\"padding-top:var(--wp--preset--spacing--40);padding-right:0;padding-bottom:var(--wp--preset--spacing--40);padding-left:0\"><strong>G\u00e9n\u00e9rer une nouvelle fiche d&#8217;arr\u00eat<\/strong><\/a><\/div>\n<\/div>\n\n\n\n<div style=\"height:100px\" aria-hidden=\"true\" class=\"wp-block-spacer\"><\/div>\n\n\n\n<p>Bienvenue sur notre g\u00e9n\u00e9rateur de fiches d&#8217;arr\u00eat ! Simplifiez votre recherche juridique en utilisant notre outil intuitif et efficace pour cr\u00e9er des fiches d&#8217;arr\u00eat pr\u00e9cises en quelques clics seulement. Gr\u00e2ce \u00e0 notre technologie avanc\u00e9e, obtenez des r\u00e9sum\u00e9s clairs et concis des cas les plus importants, accompagn\u00e9s des principaux \u00e9l\u00e9ments de d\u00e9cision. Ne perdez plus de temps \u00e0 parcourir de longs documents : laissez notre g\u00e9n\u00e9rateur faire le travail pour vous et concentrez-vous sur l&#8217;essentiel. Essayez-le d\u00e8s maintenant et faites de votre recherche juridique une exp\u00e9rience simple et efficace.<\/p>\n","protected":false},"excerpt":{"rendered":"<p>Bienvenue sur notre g\u00e9n\u00e9rateur de fiches d&#8217;arr\u00eat ! Simplifiez votre recherche juridique en utilisant notre outil intuitif et efficace pour [&hellip;]<\/p>\n","protected":false},"author":1,"featured_media":0,"parent":0,"menu_order":0,"comment_status":"closed","ping_status":"closed","template":"","meta":{"site-sidebar-layout":"default","site-content-layout":"","ast-site-content-layout":"default","site-content-style":"default","site-sidebar-style":"default","ast-global-header-display":"","ast-banner-title-visibility":"","ast-main-header-display":"","ast-hfb-above-header-display":"","ast-hfb-below-header-display":"","ast-hfb-mobile-header-display":"","site-post-title":"","ast-breadcrumbs-content":"","ast-featured-img":"","footer-sml-layout":"","theme-transparent-header-meta":"","adv-header-id-meta":"","stick-header-meta":"","header-above-stick-meta":"","header-main-stick-meta":"","header-below-stick-meta":"","astra-migrate-meta-layouts":"default","ast-page-background-enabled":"default","ast-page-background-meta":{"desktop":{"background-color":"var(--ast-global-color-4)","background-image":"","background-repeat":"repeat","background-position":"center center","background-size":"auto","background-attachment":"scroll","background-type":"","background-media":"","overlay-type":"","overlay-color":"","overlay-opacity":"","overlay-gradient":""},"tablet":{"background-color":"","background-image":"","background-repeat":"repeat","background-position":"center center","background-size":"auto","background-attachment":"scroll","background-type":"","background-media":"","overlay-type":"","overlay-color":"","overlay-opacity":"","overlay-gradient":""},"mobile":{"background-color":"","background-image":"","background-repeat":"repeat","background-position":"center center","background-size":"auto","background-attachment":"scroll","background-type":"","background-media":"","overlay-type":"","overlay-color":"","overlay-opacity":"","overlay-gradient":""}},"ast-content-background-meta":{"desktop":{"background-color":"var(--ast-global-color-5)","background-image":"","background-repeat":"repeat","background-position":"center center","background-size":"auto","background-attachment":"scroll","background-type":"","background-media":"","overlay-type":"","overlay-color":"","overlay-opacity":"","overlay-gradient":""},"tablet":{"background-color":"var(--ast-global-color-5)","background-image":"","background-repeat":"repeat","background-position":"center center","background-size":"auto","background-attachment":"scroll","background-type":"","background-media":"","overlay-type":"","overlay-color":"","overlay-opacity":"","overlay-gradient":""},"mobile":{"background-color":"var(--ast-global-color-5)","background-image":"","background-repeat":"repeat","background-position":"center center","background-size":"auto","background-attachment":"scroll","background-type":"","background-media":"","overlay-type":"","overlay-color":"","overlay-opacity":"","overlay-gradient":""}},"footnotes":""},"class_list":["post-147","page","type-page","status-publish","hentry"],"yoast_head":"<!-- This site is optimized with the Yoast SEO plugin v26.3 - https:\/\/yoast.com\/wordpress\/plugins\/seo\/ -->\n<title>G\u00e9n\u00e9rateur de fiches d&#039;arr\u00eat 100% gratuit - droit-facile.fr<\/title>\n<meta name=\"description\" content=\"Besoin d&#039;aide pour r\u00e9diger des fiches d&#039;arr\u00eat juridiques ? Utilisez notre G\u00e9n\u00e9rateur de Fiches d&#039;Arr\u00eat gratuit !\" \/>\n<meta name=\"robots\" content=\"index, follow, max-snippet:-1, max-image-preview:large, max-video-preview:-1\" \/>\n<link rel=\"canonical\" href=\"https:\/\/droit-facile.fr\/index.php\/generateur-de-fiche-darret\/\" \/>\n<meta property=\"og:locale\" content=\"en_US\" \/>\n<meta property=\"og:type\" content=\"article\" \/>\n<meta property=\"og:title\" content=\"G\u00e9n\u00e9rateur de fiches d&#039;arr\u00eat 100% gratuit - droit-facile.fr\" \/>\n<meta property=\"og:description\" content=\"Besoin d&#039;aide pour r\u00e9diger des fiches d&#039;arr\u00eat juridiques ? Utilisez notre G\u00e9n\u00e9rateur de Fiches d&#039;Arr\u00eat gratuit !\" \/>\n<meta property=\"og:url\" content=\"https:\/\/droit-facile.fr\/index.php\/generateur-de-fiche-darret\/\" \/>\n<meta property=\"og:site_name\" content=\"droit-facile.fr\" \/>\n<meta property=\"article:modified_time\" content=\"2024-04-23T14:30:02+00:00\" \/>\n<meta name=\"twitter:card\" content=\"summary_large_image\" \/>\n<meta name=\"twitter:label1\" content=\"Est. reading time\" \/>\n\t<meta name=\"twitter:data1\" content=\"1 minute\" \/>\n<script type=\"application\/ld+json\" class=\"yoast-schema-graph\">{\"@context\":\"https:\/\/schema.org\",\"@graph\":[{\"@type\":\"WebPage\",\"@id\":\"https:\/\/droit-facile.fr\/index.php\/generateur-de-fiche-darret\/\",\"url\":\"https:\/\/droit-facile.fr\/index.php\/generateur-de-fiche-darret\/\",\"name\":\"G\u00e9n\u00e9rateur de fiches d'arr\u00eat 100% gratuit - droit-facile.fr\",\"isPartOf\":{\"@id\":\"https:\/\/droit-facile.fr\/#website\"},\"datePublished\":\"2024-04-23T13:36:45+00:00\",\"dateModified\":\"2024-04-23T14:30:02+00:00\",\"description\":\"Besoin d'aide pour r\u00e9diger des fiches d'arr\u00eat juridiques ? Utilisez notre G\u00e9n\u00e9rateur de Fiches d'Arr\u00eat gratuit !\",\"breadcrumb\":{\"@id\":\"https:\/\/droit-facile.fr\/index.php\/generateur-de-fiche-darret\/#breadcrumb\"},\"inLanguage\":\"en-US\",\"potentialAction\":[{\"@type\":\"ReadAction\",\"target\":[\"https:\/\/droit-facile.fr\/index.php\/generateur-de-fiche-darret\/\"]}]},{\"@type\":\"BreadcrumbList\",\"@id\":\"https:\/\/droit-facile.fr\/index.php\/generateur-de-fiche-darret\/#breadcrumb\",\"itemListElement\":[{\"@type\":\"ListItem\",\"position\":1,\"name\":\"Accueil\",\"item\":\"https:\/\/droit-facile.fr\/\"},{\"@type\":\"ListItem\",\"position\":2,\"name\":\"G\u00e9n\u00e9rateur de fiches d&rsquo;arr\u00eat 100% gratuit\"}]},{\"@type\":\"WebSite\",\"@id\":\"https:\/\/droit-facile.fr\/#website\",\"url\":\"https:\/\/droit-facile.fr\/\",\"name\":\"droit-facile.fr\",\"description\":\"\",\"publisher\":{\"@id\":\"https:\/\/droit-facile.fr\/#organization\"},\"potentialAction\":[{\"@type\":\"SearchAction\",\"target\":{\"@type\":\"EntryPoint\",\"urlTemplate\":\"https:\/\/droit-facile.fr\/?s={search_term_string}\"},\"query-input\":{\"@type\":\"PropertyValueSpecification\",\"valueRequired\":true,\"valueName\":\"search_term_string\"}}],\"inLanguage\":\"en-US\"},{\"@type\":\"Organization\",\"@id\":\"https:\/\/droit-facile.fr\/#organization\",\"name\":\"droit-facile.fr\",\"url\":\"https:\/\/droit-facile.fr\/\",\"logo\":{\"@type\":\"ImageObject\",\"inLanguage\":\"en-US\",\"@id\":\"https:\/\/droit-facile.fr\/#\/schema\/logo\/image\/\",\"url\":\"https:\/\/droit-facile.fr\/wp-content\/uploads\/2024\/03\/Design-sans-titre4-modified.png\",\"contentUrl\":\"https:\/\/droit-facile.fr\/wp-content\/uploads\/2024\/03\/Design-sans-titre4-modified.png\",\"width\":500,\"height\":500,\"caption\":\"droit-facile.fr\"},\"image\":{\"@id\":\"https:\/\/droit-facile.fr\/#\/schema\/logo\/image\/\"}}]}<\/script>\n<!-- \/ Yoast SEO plugin. -->","yoast_head_json":{"title":"G\u00e9n\u00e9rateur de fiches d'arr\u00eat 100% gratuit - droit-facile.fr","description":"Besoin d'aide pour r\u00e9diger des fiches d'arr\u00eat juridiques ? Utilisez notre G\u00e9n\u00e9rateur de Fiches d'Arr\u00eat gratuit !","robots":{"index":"index","follow":"follow","max-snippet":"max-snippet:-1","max-image-preview":"max-image-preview:large","max-video-preview":"max-video-preview:-1"},"canonical":"https:\/\/droit-facile.fr\/index.php\/generateur-de-fiche-darret\/","og_locale":"en_US","og_type":"article","og_title":"G\u00e9n\u00e9rateur de fiches d'arr\u00eat 100% gratuit - droit-facile.fr","og_description":"Besoin d'aide pour r\u00e9diger des fiches d'arr\u00eat juridiques ? Utilisez notre G\u00e9n\u00e9rateur de Fiches d'Arr\u00eat gratuit !","og_url":"https:\/\/droit-facile.fr\/index.php\/generateur-de-fiche-darret\/","og_site_name":"droit-facile.fr","article_modified_time":"2024-04-23T14:30:02+00:00","twitter_card":"summary_large_image","twitter_misc":{"Est. reading time":"1 minute"},"schema":{"@context":"https:\/\/schema.org","@graph":[{"@type":"WebPage","@id":"https:\/\/droit-facile.fr\/index.php\/generateur-de-fiche-darret\/","url":"https:\/\/droit-facile.fr\/index.php\/generateur-de-fiche-darret\/","name":"G\u00e9n\u00e9rateur de fiches d'arr\u00eat 100% gratuit - droit-facile.fr","isPartOf":{"@id":"https:\/\/droit-facile.fr\/#website"},"datePublished":"2024-04-23T13:36:45+00:00","dateModified":"2024-04-23T14:30:02+00:00","description":"Besoin d'aide pour r\u00e9diger des fiches d'arr\u00eat juridiques ? Utilisez notre G\u00e9n\u00e9rateur de Fiches d'Arr\u00eat gratuit !","breadcrumb":{"@id":"https:\/\/droit-facile.fr\/index.php\/generateur-de-fiche-darret\/#breadcrumb"},"inLanguage":"en-US","potentialAction":[{"@type":"ReadAction","target":["https:\/\/droit-facile.fr\/index.php\/generateur-de-fiche-darret\/"]}]},{"@type":"BreadcrumbList","@id":"https:\/\/droit-facile.fr\/index.php\/generateur-de-fiche-darret\/#breadcrumb","itemListElement":[{"@type":"ListItem","position":1,"name":"Accueil","item":"https:\/\/droit-facile.fr\/"},{"@type":"ListItem","position":2,"name":"G\u00e9n\u00e9rateur de fiches d&rsquo;arr\u00eat 100% gratuit"}]},{"@type":"WebSite","@id":"https:\/\/droit-facile.fr\/#website","url":"https:\/\/droit-facile.fr\/","name":"droit-facile.fr","description":"","publisher":{"@id":"https:\/\/droit-facile.fr\/#organization"},"potentialAction":[{"@type":"SearchAction","target":{"@type":"EntryPoint","urlTemplate":"https:\/\/droit-facile.fr\/?s={search_term_string}"},"query-input":{"@type":"PropertyValueSpecification","valueRequired":true,"valueName":"search_term_string"}}],"inLanguage":"en-US"},{"@type":"Organization","@id":"https:\/\/droit-facile.fr\/#organization","name":"droit-facile.fr","url":"https:\/\/droit-facile.fr\/","logo":{"@type":"ImageObject","inLanguage":"en-US","@id":"https:\/\/droit-facile.fr\/#\/schema\/logo\/image\/","url":"https:\/\/droit-facile.fr\/wp-content\/uploads\/2024\/03\/Design-sans-titre4-modified.png","contentUrl":"https:\/\/droit-facile.fr\/wp-content\/uploads\/2024\/03\/Design-sans-titre4-modified.png","width":500,"height":500,"caption":"droit-facile.fr"},"image":{"@id":"https:\/\/droit-facile.fr\/#\/schema\/logo\/image\/"}}]}},"_links":{"self":[{"href":"https:\/\/droit-facile.fr\/index.php\/wp-json\/wp\/v2\/pages\/147","targetHints":{"allow":["GET"]}}],"collection":[{"href":"https:\/\/droit-facile.fr\/index.php\/wp-json\/wp\/v2\/pages"}],"about":[{"href":"https:\/\/droit-facile.fr\/index.php\/wp-json\/wp\/v2\/types\/page"}],"author":[{"embeddable":true,"href":"https:\/\/droit-facile.fr\/index.php\/wp-json\/wp\/v2\/users\/1"}],"replies":[{"embeddable":true,"href":"https:\/\/droit-facile.fr\/index.php\/wp-json\/wp\/v2\/comments?post=147"}],"version-history":[{"count":7,"href":"https:\/\/droit-facile.fr\/index.php\/wp-json\/wp\/v2\/pages\/147\/revisions"}],"predecessor-version":[{"id":156,"href":"https:\/\/droit-facile.fr\/index.php\/wp-json\/wp\/v2\/pages\/147\/revisions\/156"}],"wp:attachment":[{"href":"https:\/\/droit-facile.fr\/index.php\/wp-json\/wp\/v2\/media?parent=147"}],"curies":[{"name":"wp","href":"https:\/\/api.w.org\/{rel}","templated":true}]}}